lculate the highest common factor of 890413 and 31.
31
What is the highest common factor of 78 and 119994?
6
What is the greatest common divisor of 14445 and 222025?
535
Calculate the greatest common divisor of 115414 and 8073.
299
Calculate the greatest common factor of 441 and 106092.
63
Calculate the highest common factor of 27671 and 2891.
413
What is the highest common divisor of 26 and 270569?
13
What is the greatest common divisor of 18 and 7055406?
18
Calculate the greatest common factor of 226206 and 22578.
426
What is the highest common factor of 172 and 1408?
4
Calculate the greatest common factor of 108 and 5211.
27
Calculate the highest common divisor of 39071 and 7463.
439
Calculate the highest common divisor of 19933 and 3751.
31
What is the greatest common factor of 215486 and 2282?
326
What is the greatest common factor of 8891 and 34?
17
What is the highest common divisor of 7231 and 77?
7
Calculate the highest common factor of 17425 and 850.
425
Calculate the greatest common divisor of 8 and 35504.
8
What is the highest common divisor of 57 and 127509?
57
What is the highest common factor of 114569 and 273?
91
What is the highest common factor of 111 and 97347?
111
What is the greatest common factor of 3294 and 17202?
366
Calculate the greatest common factor of 793065 and 2490.
1245
What is the highest common factor of 1191580 and 520?
260
Calculate the greatest common factor of 197 and 2330707.
197
Calculate the highest common factor of 467244 and 18.
18
Calculate the greatest common divisor of 3282840 and 44.
44
Calculate the greatest common factor of 3945020 and 82.
82
Calculate the greatest common divisor of 4110 and 5513565.
2055
Calculate the highest common factor of 2540284 and 305.
61
What is the greatest common factor of 20 and 5020?
20
Calculate the greatest common divisor of 1372 and 2604.
28
What is the highest common factor of 423 and 63?
9
Calculate the greatest common factor of 72220 and 1495.
115
What is the greatest common divisor of 12008 and 1216?
152
Calculate the highest common factor of 1177 and 2695.
11
What is the highest common divisor of 43 and 39947?
43
Calculate the greatest common divisor of 4963 and 126.
7
Calculate the highest common divisor of 392 and 648.
8
Calculate the greatest common factor of 83 and 148072.
83
Calculate the highest common factor of 8437 and 286.
143
What is the highest common factor of 489384 and 1008?
504
What is the highest common factor of 159 and 1283819?
53
Calculate the greatest common divisor of 160 and 419060.
20
Calculate the highest common divisor of 67298 and 69.
23
What is the greatest common divisor of 553709 and 191?
191
Calculate the highest common factor of 9 and 42993.
9
Calculate the greatest common factor of 36 and 884.
4
What is the greatest common divisor of 130 and 7345?
65
Calculate the greatest common divisor of 6797 and 6167.
7
Calculate the highest common factor of 102 and 34986.
102
Calculate the highest common divisor of 68 and 573036.
68
What is the highest common factor of 16128 and 4928?
448
What is the highest common divisor of 418 and 291137?
209
What is the highest common divisor of 2937 and 1401928?
979
What is the highest common factor of 1210 and 239855?
55
Calculate the highest common divisor of 29 and 608159.
29
What is the greatest common divisor of 2100 and 3934?
14
What is the greatest common factor of 1656 and 3611?
23
Calculate the highest common factor of 27920 and 160.
80
Calculate the highest common divisor of 4838 and 55.
1
What is the greatest common factor of 6408 and 384?
24
Calculate the greatest common divisor of 319 and 121.
11
Calculate the greatest common factor of 64 and 33856.
64
What is the greatest common divisor of 19872 and 13824?
864
Calculate the greatest common factor of 260 and 33320.
20
What is the greatest common factor of 886 and 2160511?
443
What is the greatest common factor of 2054 and 4316?
26
Calculate the highest common factor of 19 and 1957.
19
What is the greatest common divisor of 1554 and 80586?
222
What is the highest common factor of 424237 and 44?
11
Calculate the highest common factor of 1026 and 2438118.
342
Calculate the greatest common factor of 401550 and 450.
150
Calculate the highest common divisor of 94976 and 784.
112
Calculate the greatest common factor of 1318111 and 8168.
1021
What is the highest common factor of 65 and 275665?
65
What is the greatest common divisor of 22 and 60247?
11
Calculate the greatest common factor of 182136 and 108.
12
Calculate the greatest common factor of 3474 and 34.
2
What is the highest common factor of 14273 and 77?
7
What is the greatest common factor of 10 and 15605?
5
Calculate the greatest common divisor of 1842 and 558.
6
What is the highest common divisor of 12531 and 3?
3
Calculate the highest common factor of 340 and 2573290.
170
What is the greatest common divisor of 60925 and 25?
25
What is the greatest common divisor of 1024 and 2896?
16
Calculate the highest common divisor of 2050842 and 172.
86
What is the greatest common divisor of 1808 and 7571?
113
What is the greatest common factor of 1840 and 3795?
115
Calculate the greatest common divisor of 12362122 and 114.
38
Calculate the highest common divisor of 153326 and 62.
62
What is the highest common divisor of 207 and 1629?
9
Calculate the highest common factor of 2448 and 19242.
18
What is the highest common divisor of 181 and 2351?
1
Calculate the greatest common divisor of 22356 and 258.
6
Calculate the greatest common factor of 78 and 2399462.
26
Calculate the greatest common divisor of 5735 and 74.
37
Calculate the greatest common factor of 323 and 833.
17
What is the highest common divisor of 375 and 234975?
75
What is the highest common divisor of 1494 and 39933?
9
Calculate the greatest common divisor of 1946819 and 469.
469
What is the greatest common factor of 78871 and 39?
13
What is the highest common factor of 111 and 3302287?
37
What is the highest common factor of 40 and 142360?
40
What is the highest common factor of 1139 and 6949039?
1139
Calculate the highest common divisor of 2268 and 3556.
28
Calculate the greatest common factor of 15529085 and 715.
715
What is the greatest common divisor of 476 and 56?
28
What is the highest common divisor of 978 and 366?
6
What is the highest common factor of 178040 and 120?
40
What is the highest common factor of 69 and 147384?
69
Calculate the highest common divisor of 109189 and 4658.
137
Calculate the greatest common factor of 214493 and 6738.
1123
Calculate the greatest common factor of 11690 and 355710.
1670
Calculate the highest common factor of 3777 and 1028603.
1259
Calculate the highest common factor of 274246 and 532.
266
What is the greatest common divisor of 3795 and 319?
11
Calculate the greatest common factor of 1650 and 2530.
110
What is the highest common divisor of 175 and 414155?
35
Calculate the greatest common factor of 1278 and 603.
9
What is the greatest common divisor of 176 and 31592?
88
What is the highest common divisor of 773 and 548057?
773
Calculate the greatest common factor of 4717 and 9701.
89
What is the highest common factor of 800 and 6336?
32
What is the greatest common divisor of 22058 and 697?
41
What is the greatest common factor of 893 and 2867?
47
What is the highest common factor of 459 and 119952?
153
Calculate the highest common factor of 7317 and 27.
27
What is the greatest common divisor of 99 and 348237?
9
Calculate the highest common divisor of 1568 and 408.
8
Calculate the greatest common factor of 1138 and 2587812.
1138
Calculate the greatest common factor of 159 and 3945.
3
Calculate the greatest common divisor of 20 and 8524.
4
What is the highest common divisor of 925 and 49575?
25
Calculate the highest common factor of 131738 and 2786.
398
What is the greatest common divisor of 13 and 3179527?
13
Calculate the greatest common factor of 182528 and 874.
46
What is the greatest common divisor of 114 and 681891?
57
Calculate the highest common factor of 319 and 26651.
29
What is the highest common divisor of 1827995 and 13?
13
Calculate the highest common divisor of 225729 and 27.
9
Calculate the greatest common factor of 18444 and 93264.
348
What is the highest common divi